((-6)/9)?
1
Let t = -23 - -27. Suppose 0 = -4*y + 16 - t. What is the units digit of y?
3
Let o(n) = -19*n**2 - n + 1. Let q be o(1). Let m = q + 10. What is the units digit of m*(-2 - (-4)/3)?
6
Suppose 3 = 4*b - 5. Suppose 0 = -4*t + 5 - 1. Let j = b - t. What is the units digit of j?
1
What is the hundreds digit of 0 + ((-264)/(-14))/((-6)/(-42))?
1
Suppose -211 = 3*o - 592. What is the units digit of o?
7
Suppose 0 = 2*o + u - 109, -5*o + 3*u + 0*u = -300. What is the units digit of o?
7
Let z(q) = 5*q**2 + q + 3. Let y be z(-3). Suppose w = 6 + y. What is the units digit of w?
1
Suppose 4*t - 572 = -4*b, 6*t - 3*t = -5*b + 713. What is the hundreds digit of b?
1
What is the units digit of (42/35)/((-2)/(-20))?
2
Let k(z) = 10*z. Suppose -6 = c - 4*c. What is the units digit of k(c)?
0
Let x = -2 + 5. Suppose 3*r - 4 = y, -x*y - r = 1 + 11. Let o = y - -7. What is the units digit of o?
3
Let d(w) = -2*w**3 - w**2 - w - 1. What is the units digit of d(-1)?
1
Suppose -5*h = -5*x - 65, -2*h + 2 = x - 9. Let j = 12 - h. What is the units digit of j?
4
Let k(i) = 3*i - 2. Let l be k(2). Suppose -t - t + 2*j + 20 = 0, 5*j - 40 = -l*t. Let h(f) = 2*f - 14. What is the units digit of h(t)?
6
Let r = 1 + 0. Let q(c) = 4 + c - 1 - r. What is the units digit of q(2)?
4
Let t(z) = 4*z + 2. Let g be t(1). What is the units digit of (g/(-4))/(6/(-12))?
3
Let l = 12 - 9. Let w = l + -1. Suppose -3*o + o = -w. What is the units digit of o?
1
Let g(m) = -4*m**3 - 2*m**2 + m - 6. What is the tens digit of g(-3)?
8
Suppose 4*i = -0*n + 5*n + 16, -i + 4*n = -15. Let f = i - -4. Suppose -f*h = -2*h - 5. What is the units digit of h?
5
Let d(g) = g + 4. Let l be d(-2). Suppose -l*i - n = -33, -5*i + i - 3*n = -63. Let q = -13 + i. What is the units digit of q?
5
Let v be ((-4)/14)/(1/(-7)). Let a = 10 + v. What is the tens digit of a?
1
Let y be 12 + 0/(1 - 2). Suppose -11*d = -0 - 66. What is the units digit of y/7*21/d?
6
Let f(p) = p**2 - 11*p - 19. What is the hundreds digit of f(25)?
3
Let m be (-2)/13 + (-88)/104. Let g(o) = -5*o - 2. What is the units digit of g(m)?
3
Suppose -5*k - 15 = 0, -2*k + 78 = -2*d + 4*d. What is the units digit of d?
2
Suppose 4*b = -34 + 242. What is the tens digit of b?
5
What is the units digit of 4/(((-3 + 0)/(-3))/1)?
4
Let t = 63 - 34. What is the tens digit of t?
2
Let r(z) = -1 + z + 2*z**2 - z**2 + 2 - 33*z**3 + 0*z**2. Let c be r(-1). Let g = c - 22. What is the units digit of g?
2
Let c = -202 - -377. What is the units digit of c?
5
Suppose 5*f + 4*o = 434, 74 + 265 = 4*f - 5*o. What is the tens digit of f?
8
Let p(m) = m**3 + 6*m**2 + 5*m - 6. Let z be p(-5). What is the units digit of (3/2)/(z/(-8))?
2
Suppose -3*j + j = -26. Let f = 37 - j. What is the tens digit of f?
2
Let w be (6/(-10))/(3/(-15)). Suppose -2*i = 4*y - w*y - 40, -85 = -2*y - 5*i. Suppose 0 = -4*j - 2*t + y, 4*j - 4 = 5*t + 19. What is the units digit of j?
7
Let m = 37 + -22. What is the tens digit of m?
1
Let x(d) = -d + 4. Let u be x(-3). Suppose -u*h = -2*h - 105. What is the units digit of h?
1
Suppose 0*b - 5 = -4*c + 3*b, -4*c = -b - 7. Suppose c*r + 0*r - 56 = 0. Suppose -4*w = -36 - r. What is the tens digit of w?
1
Let t = 133 + -59. What is the tens digit of t?
7
Let c = -2 - -17. What is the tens digit of c?
1
Let x(q) = q**2 + 5*q - 3. Let m be x(-6). Suppose m*z - 3 = -9. Let t = 8 - z. What is the tens digit of t?
1
Let u(n) = -n - 2. Let g be u(-5). Let j be 2 + (3/g - -2). Suppose j*f - 28 = f. What is the units digit of f?
7
Let r(t) = -t**2 - 8. Let u(p) = -6 + 4 - 6 - p**2. Let m(s) = 2*r(s) - 3*u(s). What is the units digit of m(0)?
8
Let t = 70 + -39. What is the units digit of t?
1
Suppose 2*p + w - 128 = -4*w, p - 74 = -5*w. Suppose c - 6 = -4*q + p, -4*q + c + 52 = 0. What is the tens digit of q?
1
Suppose 59 = 5*p - 96. Let w = p + -26. What is the units digit of w?
5
Let b = -15 + 17. Suppose 0 = -5*n + 5*d + 30, -3*d + 4 = n - b. What is the units digit of n?
6
Let u(w) = 41*w + 5. What is the tens digit of u(3)?
2
Let a be 0/(-3 + (-3 - -8)). Suppose q + 2*q - 79 = -4*n, 4*q - 2*n - 76 = a. Let c = q + -6. What is the units digit of c?
5
Suppose -2*b = 2*b - 72. What is the tens digit of b?
1
Let f(r) = -r**3 - 1 + 0*r**3 + 1 + 1. Let t be f(0). Let z(u) = 8*u. What is the units digit of z(t)?
8
Let f = 22 - 10. Suppose w - 2*w = -f. What is the tens digit of w?
1
What is the units digit of (-86)/(-3)*(-45)/(-30)?
3
Suppose 102 = 4*u + 2*k, 3*u = 5*k + 37 + 20. What is the units digit of (1 + -2)/((-4)/u)?
6
Let o = -28 + 20. Let t = 19 + -10. Let p = t + o. What is the units digit of p?
1
Let o be (-9)/(-27) + (-43)/3. What is the units digit of (o/(-8))/(1/4)?
7
Let z = 533 + -362. What is the units digit of z?
1
Suppose d - 5*u = 201, -4*d - u + 4*u = -736. What is the hundreds digit of d?
1
Let g = -2 - -4. Suppose 3*f + g*y = -0*f - 52, 70 = -4*f - 3*y. Let d = f - -22. What is the units digit of d?
6
Suppose 5*k = 25, 3*k - k = -5*o - 370. Let u = -54 - o. What is the units digit of u?
2
Suppose 0*c = c. Suppose c = -3*o - o - 64. Let k = 33 + o. What is the tens digit of k?
1
Let k = -13 - -31. What is the tens digit of k?
1
Suppose -13*m + 6*m = -329. What is the units digit of m?
7
Let l(s) be the first derivative of -s**4/4 - 5*s**3/3 - s**2 + s - 2. What is the tens digit of l(-5)?
1
Suppose -2*a + 5*a = 6. Suppose -a*x - 29 = -2*f - f, 3*x + 12 = 0. Suppose -c + f = -2*k + 3*k, 5 = 2*c - k. What is the units digit of c?
4
Let u(f) be the second derivative of -f**5/20 - f**4/12 + f**3/6 + 5*f**2 - f. What is the units digit of u(0)?
0
What is the units digit of -3 + (0 - 1)*2*-50?
7
Suppose 145*p = 140*p + 420. What is the tens digit of p?
8
Suppose 2*r + 5*z = r - 23, 2*z = -r - 8. Suppose -3*s + r*n = -69 - 7, 0 = s + 5*n + 3. Suppose 4*j + 8 - s = -2*p, -3*j = p - 6. What is the units digit of p?
9
Suppose 0 = -2*w + 2*m + 68 + 46, -4*w + 219 = -m. What is the tens digit of w?
5
Let i = 35 + -53. Let s = i - -30. What is the units digit of s?
2
Suppose 5*j = -3*w - 0*j + 13, 2*w + 6 = 4*j. Let l be 2/6 + w/(-3). Suppose l*h - 3 = -h. What is the units digit of h?
3
Suppose -4*n - 142 = -5*i + 4*i, 0 = -2*n + 6. What is the hundreds digit of i?
1
Let k be ((-2)/(-1))/(4/(-90)). Suppose 2*d - 4*d - 64 = 0. Let z = d - k. What is the tens digit of z?
1
Suppose -w - 3 = 0, -3*w = -4*t + 58 + 83. Suppose 3*j + t = 2*v, -3*j = -4*v + 16 + 59. What is the units digit of v?
1
Suppose 16*r - 4 = 14*r. What is the units digit of r?
2
Suppose 0 = l - 221 + 23. What is the hundreds digit of l?
1
Let h(g) = 2*g**2 + 2*g + 7. Let b be h(-5). Let t = b + -31. What is the tens digit of t?
1
Suppose 4*p - 2*k = -3*k + 371, -9 = -3*k. What is the units digit of p?
2
Let p(h) be the third derivative of h**4/24 + 5*h**3/3 + 3*h**2. What is the units digit of p(0)?
0
Let n be (-1)/(-5) - (-472)/40. Suppose -4*v = -4*p - n, -3*v = -p - 4*v + 5. What is the units digit of p?
1
Suppose -5*o = -n + 55, n - 39 = -4*o + o. Let w = n - 15. What is the tens digit of w?
3
Let u(s) = 2*s - 10. What is the tens digit of u(11)?
1
Suppose 5*v = -2*g - 35, -3*g + 4*v - 38 = 2*g. Let x = g + 12. Suppose 5*m = -3*s + x*s + 16, m + 2*s - 5 = 0. What is the units digit of m?
3
What is the tens digit of (((-77)/21)/(-11))/(2/384)?
6
Let j(d) = 3 + 1 - 4*d - 3. Let p be j(-5). Let l = p + -13. What is the units digit of l?
8
Let z(m) = -m**2 - m**3 + 2*m - 2*m**2 + 2*m**3 - 2. What is the units digit of z(3)?
4
Let c be 5/(-10)*(0 + 0). Suppose 3*p + c = 9, 3*x + p = 18. Suppose 0 = -x*f + 3 + 42. What is the units digit of f?
9
Let f = -43 - -45. What is the units digit of f?
2
Suppose 0 = 7*y - 3*y - 3*g - 19, 4*g = 4*y - 20. Suppose y*l - 265 = -l. Suppose -4*n = -3*b + l, 3*b + 2*n + 0*n - 41 = 0. What is the units digit of b?
5
What is the units digit of 1*(-4 - (-40)/5)?
4
Let w be (2/(-6))/(1/(-6)). Suppose -5*s - 5*p = 45, 0 = -s + p - 5 + w. Let h = -4 - s. What is the units digit of h?
2
Let u = 2 - 0. Suppose -1 = -u*o + o. What is the units digit of (1 - (-2 - -2)) + o?
2
Suppose 0*v = v. Suppose v = -4*f + 22 + 6. What is the units digit of f?
7
Let y be ((-20)/16)/((-2)/8). Suppose 0 = -y*q - c - 35, -4*c = -3*c. Let n = 9 + 